rue
Is 34171769351 a prime number?
True
Is 1134170749 composite?
False
Is 15673506367 composite?
False
Is 98978686969 composite?
False
Is 29202167 a composite number?
False
Is 29020501777 a prime number?
True
Is 1137859379 composite?
False
Is 45989907767 a prime number?
True
Is 768727277 a prime number?
True
Is 106395885319 composite?
False
Is 1590901309 prime?
True
Is 104147051477 prime?
False
Is 3298124777 a composite number?
False
Is 73829771 a composite number?
False
Is 10532443433 prime?
True
Is 244920761 a prime number?
True
Is 26302259501 prime?
False
Is 55501372709 a composite number?
True
Is 1423736401 composite?
True
Is 10987717217 composite?
False
Is 87571868441 composite?
False
Is 4401603923 a composite number?
True
Is 557460859 composite?
False
Is 1174456457 prime?
True
Is 2715221021 composite?
False
Is 3442958291 a prime number?
False
Is 18203489907 prime?
False
Is 104277496553 composite?
False
Is 136562593 a composite number?
True
Is 641538217 a composite number?
False
Is 466255182011 composite?
True
Is 18125514247 composite?
False
Is 16529996507 a prime number?
False
Is 1510465093 a prime number?
True
Is 99848611 prime?
False
Is 8645113 a composite number?
False
Is 332065411 a composite number?
False
Is 2963219557 prime?
False
Is 60048685601 composite?
False
Is 14307617 a composite number?
False
Is 13577687561 prime?
True
Is 12591197 a composite number?
False
Is 324335413 a prime number?
True
Is 1446504617 a prime number?
False
Is 238001197 a composite number?
True
Is 1110255521 a composite number?
False
Is 20337139853 prime?
True
Is 101069351 a composite number?
True
Is 1547428579 composite?
True
Is 111638613059 composite?
False
Is 14971501 a prime number?
True
Is 562678163 a composite number?
False
Is 3317628469 a composite number?
True
Is 12675851137 a composite number?
False
Is 2531123843 a prime number?
False
Is 11410771 composite?
False
Is 466561033 a prime number?
False
Is 1854700973 a prime number?
True
Is 79408267109 a composite number?
False
Is 1175474837 a prime number?
False
Is 1588211221 a composite number?
False
Is 10873415011 a prime number?
False
Is 758171987 prime?
True
Is 2017954997 prime?
True
Is 794424727 a composite number?
False
Is 7251101437 composite?
True
Is 422875853 prime?
True
Is 499337173 a prime number?
True
Is 700968221 composite?
True
Is 10186076137 a prime number?
False
Is 42952196389 a composite number?
False
Is 14340729461 composite?
True
Is 4865882423 a composite number?
False
Is 608270021 a composite number?
False
Is 70490897 prime?
True
Is 19108746911 prime?
True
Is 550943891 a prime number?
True
Is 4061061013 composite?
True
Is 12365988451 a composite number?
False
Is 1361213089 a composite number?
False
Is 1730798999 prime?
True
Is 21547899767 a prime number?
True
Is 59217529979 a prime number?
True
Is 38517457 composite?
True
Is 42109991743 a composite number?
True
Is 4837239653 composite?
True
Is 4005196513 a prime number?
True
Is 951395899 a composite number?
True
Is 135563781961 prime?
False
Is 3728153993 a prime number?
False
Is 615513257 composite?
False
Is 9764403757 a prime number?
False
Is 802943633 a prime number?
True
Is 1691676383 a composite number?
False
Is 685059043 prime?
True
Is 229298579 composite?
True
Is 2585283521 prime?
False
Is 38781393271 a prime number?
False
Is 36393173735 a composite number?
True
Is 2718411557 prime?
False
Is 96390929303 a composite number?
True
Is 207618415571 prime?
False
Is 14922267827 a composite number?
False
Is 499900591 composite?
True
Is 8818520129 prime?
False
Is 1157586161 composite?
False
Is 9511542685 a prime number?
False
Is 1148687803 composite?
True
Is 1951688989 prime?
False
Is 1541279567 a composite number?
False
Is 1421389342 a prime number?
False
Is 3325130113 a composite number?
True
Is 10537661201 a composite number?
False
Is 3119841713 a composite number?
False
Is 14358438674 prime?
False
Is 33024617261 composite?
False
Is 2770245433 a prime number?
False
Is 1309087333 a composite number?
True
Is 18889085661 composite?
True
Is 6737690203 a composite number?
False
Is 39532875637 a composite number?
True
Is 5421605131 a composite number?
False
Is 138100370237 composite?
False
Is 38585212349 composite?
True
Is 3688336961 a composite number?
False
Is 699640639 a composite number?
True
Is 866979473 composite?
False
Is 3522939163 a prime number?
False
Is 21417875987 a prime number?
False
Is 72884803 a prime number?
True
Is 42570080977 a prime number?
False
Is 6225723061 prime?
False
Is 73956705071 a prime number?
False
Is 13184036389 a prime number?
True
Is 5992991087 prime?
False
Is 17184285247 prime?
True
Is 44153411329 composite?
False
Is 2595544481 a composite number?
True
Is 4134915311 prime?
True
Is 628958357 composite?
False
Is 15114105067 composite?
True
Is 33930677591 composite?
True
Is 244985513 a composite number?
False
Is 579231143 prime?
False
Is 15858964007 a prime number?
True
Is 7609133249 prime?
True
Is 250531883 composite?
True
Is 11617875617 composite?
False
Is 4941250679 composite?
True
Is 9797748133 a composite number?
False
Is 7726152559 a prime number?
False
Is 2314390843 composite?
True
Is 16809400321 a prime number?
False
Is 778998607 composite?
False
Is 473360821 composite?
True
Is 8556121753 composite?
False
Is 24803797441 composite?
False
Is 27890886523 composite?
True
Is 13074504589 prime?
False
Is 3567414007 composite?
False
Is 1090893327 prime?
False
Is 7468829653 prime?
True
Is 3430027247 a composite number?
False
Is 2335052737 a composite number?
True
Is 4396036789 a composite number?
True
Is 1343201933 prime?
True
Is 7973569713 prime?
False
Is 7157589763 a composite number?
False
Is 3465987143 a prime number?
True
Is 2067458759 prime?
True
Is 863209411 prime?
False
Is 3927017002 a prime number?
False
Is 2005643209 a composite number?
False
Is 217164677 a composite number?
True
Is 3043939553 composite?
False
Is 25073839211 prime?
True
Is 5199338083 a prime number?
True
Is 136304881969 a composite number?
True
Is 1236545501 a prime number?
False
Is 58986633493 prime?
True
Is 15700866967 prime?
True
Is 571881747 composite?
True
Is 23937593881 composite?
True
Is 79483660679 a composite number?
False
Is 609738289 composite?
True
Is 5580373219 prime?
True
Is 100028739667 prime?
False
Is 5284608733 prime?
False
Is 692756653 a prime number?
False
Is 250953331 composite?
True
Is 23041527569 prime?
True
Is 18112565453 a composite number?
False
Is 5207274983 a prime number?
True
Is 318288071 prime?
False
Is 14631454979 a composite number?
True
Is 135264432943 a prime number?
False
Is 23943255433 a composite number?
True
Is 9350697647 composite?
False
Is 3646744579 a prime number?
False
Is 163729234087 composite?
False
Is 27124017163 composite?
True
Is 33981775837 composite?
False
Is 4688444539 a composite number?
True
Is 487014739 a prime number?
False
Is 12215763649 prime?
True
Is 15860356181 prime?
True
Is 587860439 a composite number?
True
Is 135460051 composite?
True
Is 215469083 a prime number?
False
Is 12405676487 prime?
True
Is 9886193609 a prime number?
False
Is 235529311 composite?
True
Is 984193601 prime?
True
Is 18937881139 a prime number?
True
Is 2036110747 a prime number?
False
Is 24446347177 prime?
False
Is 56690251 a prime number?
True
Is 11862160949 composite?
False
Is 195419197707 composite?
True
Is 2927096077 prime?
False
Is 156041761 prime?
False
Is 54355632449 composite?
False
Is 6814019963 a composite number?
True
Is 34432054957 prime?
True
Is 1902799309 a composite number?
False
Is 1510695679 composite?
True
Is 18711987169 a composite number?
False
Is 32327189299 composite?
False
Is 875469937 composite?
False
Is 4565420819 prime?
False
Is 1587171121 a prime number?
True
Is 98423392363 a composite number?
False
Is 3526697543 prime?
True
Is 3988211057 composite?
True
Is 4102616311 a prime number?
True
Is 37790641741 prime?
False
Is 289941107 prime?
True
Is 13422386099 prime?
True
Is 2256512261 composite?
True
Is 2519598269 a composite number?
False
Is 14907144947 composite?
True
Is 11547490763 a prime number?
False
Is 5191448531 a prime number?
False
Is 79512882079 a composite number?
True
Is 16558952041 composite?
False
Is 2254475053 composite?
False
Is 4972672081 a prime number?
F